t r = m + -29. What is the units digit of r?
1
Let j(x) = 29*x + 1. Let n be j(1). Let b = n - 20. What is the tens digit of b?
1
Let t(u) = 6*u**2 - 3*u - 10. What is the units digit of t(-2)?
0
Suppose -48*p + 52*p - 220 = 0. What is the tens digit of p?
5
Let l be (-1 - 22) + -3 + 6. What is the units digit of l/(-6) + 4/(-12)?
3
Let s = -9 + 9. Suppose s*j - 3*j = -12. Let q(i) = -i + 6. What is the units digit of q(j)?
2
Let j = 28 - 13. Suppose 0 = 4*c - 4*b - 30 + 2, -j = -5*c + b. What is the units digit of (-5 - (c + -4))/(-1)?
3
Let t be ((-3 - 1) + -29)/(-1). Suppose 3*s - 21 - t = 0. What is the units digit of s?
8
Let c = 299 + -154. What is the hundreds digit of c?
1
Suppose 3*v + 2*p + 593 = 6*v, -3*p - 3 = 0. Suppose v = 4*y + 17. What is the units digit of y?
5
Let x(w) = w**3 - 6*w + 10. What is the units digit of x(3)?
9
Suppose -2*n - 5 = b, 0 = -n - 3. Let t = b - -2. Suppose -o = -8 + t. What is the units digit of o?
5
Suppose -103 = 8*o - 1039. What is the tens digit of o?
1
Let z = -2 + 2. Let c(x) = x + 1. Let y be c(3). Suppose -4*b + 8 + y = z. What is the units digit of b?
3
Suppose -3210 = 4*s - 19*s. What is the units digit of s?
4
Let w(p) = -p**3 + 16*p**2 + 5*p - 1. What is the tens digit of w(16)?
7
Suppose 4*g - 4 = 3*g. Suppose 0 = 5*v - g*v. Suppose v = 4*t - 21 - 27. What is the tens digit of t?
1
What is the units digit of -2 + 0 - 0/1 - -63?
1
Let m(i) = 3 - 5 + 5*i**2 - i**3 + 2*i**3. Let n be m(-5). What is the units digit of (-15)/n + 4/(-8)?
7
Let s(x) = -x**3 + 5*x**2 + 10*x - 2. What is the units digit of s(6)?
2
Let x(t) = t**2 - 10*t + 12. Let v = 9 + 0. Let o be x(v). Suppose -o*q + 12 = q. What is the units digit of q?
3
Let u be (10 + -7)/((-6)/(-10)). Suppose 3*v - u = 2*v. What is the units digit of 2/v + (-96)/(-10)?
0
Let d(h) = h**2 + 5*h + 6. Let i be d(-5). Suppose -3*p - i = -0. What is the units digit of (-1 + p)/((-9)/6)?
2
What is the tens digit of (-2 + (-12)/(-4))/(4/892)?
2
Let t(s) = 6*s - 1. Let c(a) = -a - 3. Let q be c(-7). What is the tens digit of t(q)?
2
Let j(l) = l**3 - 9*l**2 - 7*l + 7. What is the units digit of j(10)?
7
Suppose 0 = -b + 3*b + 10. Let k(d) = d**3 + 6*d**2 + 4*d - 3. Let j be k(b). Suppose -j*z + 12 + 12 = 0. What is the tens digit of z?
1
Let d = -11 + 14. Suppose y + d*y - 156 = 0. What is the tens digit of y?
3
Let a(r) = 57*r - 15. What is the units digit of a(2)?
9
Suppose -4*k + 3 = -5. Suppose 5*a = -3*y + 81, -2*y - k*a + a + 61 = 0. What is the tens digit of y?
3
Suppose 4*x - 52 = 4*y, 4*x = -x + 20. What is the units digit of (y + -2 + 0)*-1?
1
Let a = 212 + -110. What is the hundreds digit of a?
1
Let w(c) = 2*c**3 + 15*c**2 - 9*c + 6. Let v(x) = -5*x + 2*x - 2*x**3 + 3*x**3 + 8*x**2 - 2*x + 3. Let p(a) = 7*v(a) - 4*w(a). What is the units digit of p(-5)?
7
Let u(s) = 5*s**3 + 5*s**2 - 3*s**3 - s**3 + 3*s. Let q be u(-4). What is the units digit of q/(-2) + (7 - -1)?
6
Let t(c) = -c**3 + 8*c**2 + 8*c - 3. What is the tens digit of t(8)?
6
What is the tens digit of (1/2)/(3*(-1)/(-114))?
1
Suppose -1145 = -5*x + 3*t, 0 = -3*x - 4*t - 90 + 777. What is the units digit of x?
9
Suppose 4*n + 2*l = -72, -2*n + 11 = -2*l + 53. Let p = n - -50. Suppose 5*f - 4 = p. What is the units digit of f?
7
What is the units digit of 21/(-2 + 55/20)?
8
Let n = 72 - 26. What is the units digit of n?
6
Let j be 6/8 - (-9)/(-12). Suppose -101 = -3*k - p, j*k + 72 = 2*k - 4*p. What is the tens digit of k?
3
Let d be 14/21 - (-2)/6. What is the units digit of (-2)/2*d - -2?
1
Let n(j) = -j**2 - j + 7. Let y(q) = q**2 + q - 6. Let v(r) = 3*n(r) + 4*y(r). Let c be v(-3). Suppose -17 = -c*k - 8. What is the units digit of k?
3
Let j(p) = p**2 + 8*p - 1. Let n(i) = 1. Let b(u) = 3. Let c(g) = -b(g) + 2*n(g). Let z(k) = 4*c(k) - j(k). What is the units digit of z(-6)?
9
Let r(s) = -s**3 + 3*s**2 + s + 11. Let d(o) = -o**3 + 2*o**2 + o + 10. Let f(p) = 4*d(p) - 3*r(p). What is the units digit of f(0)?
7
Let i = -1 + -2. Let o(r) = r**3 + 2*r**2 - 4*r + 1. Let z be o(i). Suppose -4*y + 16 = 4*m, -z*y + 19 = -5*m - 15. What is the units digit of y?
6
Let m(z) = 2*z**2 + 11*z - 5. What is the units digit of m(-9)?
8
Suppose 25 = 5*w, 3*l + 2*w - 96 = -w. Suppose -5*r = -4*c - l - 9, 0 = -3*r + 3*c + 24. What is the units digit of r?
4
Let m = 19 + 11. What is the units digit of m?
0
What is the tens digit of 1 - (-7)/(-4) - 3596/(-16)?
2
Let q be -3*3/(-9)*-1. What is the units digit of (-12)/1*2/q?
4
Let k(v) be the second derivative of 2*v**2 + 1/3*v**3 + 0 + 1/6*v**4 + 4*v. What is the units digit of k(-3)?
6
Let y be ((-1)/2)/((-2)/8). What is the units digit of (30/(-20))/(y/(-24))?
8
Suppose -4*x = s - 98, -x - 2*x + 5*s = -62. What is the tens digit of 582/x + 1/(-4)?
2
Let i be -4 - (0/(-2))/(-3). What is the tens digit of (184/(-6))/(i/6)?
4
Let a = 73 + -57. What is the tens digit of a?
1
Let n(q) = 6*q**3 - 8*q**2 - 13*q - 3. Let b(l) = -5*l**3 + 8*l**2 + 12*l + 3. Let g(t) = 7*b(t) + 6*n(t). What is the units digit of g(-7)?
0
Let b = -52 + 98. Suppose -3*f = -b + 7. What is the tens digit of f?
1
Let s = -17 + 27. Let r = s + -9. What is the units digit of r?
1
Suppose f - 6*f - 4*g + 69 = 0, -77 = -5*f - 2*g. Suppose f + 7 = 4*w. Suppose 0 = -4*h - w + 26. What is the units digit of h?
5
Suppose 3*l - l = 4. Suppose 3*v = 4*z - 0 + l, -v - 1 = -3*z. Let w(k) = 4*k - 2. What is the units digit of w(v)?
6
Let z = 2 + 0. Suppose 4*s = z*s + 74. What is the tens digit of s?
3
Let i be 0 - 0 - 0/2. Suppose i = -4*d + 4 + 4. What is the units digit of d?
2
What is the tens digit of (7 - (-10)/(-1))*(-40)/6?
2
Let i = 49 - 72. Let p = i - -35. What is the tens digit of p?
1
Suppose -1 - 5 = 2*s. Let c be (-12)/18 + (-2)/s. Let h(x) = x + 2. What is the units digit of h(c)?
2
Let x be (-12)/5*(-6 + -4). Suppose n - 4*n = -3*m - x, 19 = 2*n + m. What is the units digit of n?
9
Let o = 4 - 31. What is the units digit of (-83)/(-9) + 6/o?
9
Let j(y) = 2*y**2 + 4*y - 4. Let l(b) = 4*b**2 + b**3 + 7 - 3 - 2*b - b**2. Let u be l(-4). What is the tens digit of j(u)?
1
Suppose r - c - 43 = 2*c, -149 = -3*r + 5*c. What is the units digit of r?
8
Let q(l) = -5*l + 35. What is the units digit of q(-27)?
0
Let n(b) = 3*b + 4. Let p(d) = 16*d + 20. Let y(o) = -11*n(o) + 2*p(o). What is the units digit of y(-7)?
3
Let u(m) = -2*m + 5. Let o be u(0). Suppose 0*v + v + 142 = 4*l, o*l - 171 = -2*v. What is the tens digit of l?
3
What is the tens digit of (38 + 0)*442/68?
4
Let k = -102 + 179. Suppose x - 18 = -2*w + 17, -5*w + x + k = 0. What is the units digit of w?
6
Let w(k) be the first derivative of -6*k**4 + k**3/3 + 11. What is the units digit of w(-1)?
5
Let d = 2 - 2. Suppose d = p + p. Suppose -4*y = g, p*g - 5*g = -5*y - 50. What is the units digit of g?
8
Let a(i) = -8*i. Suppose z - 10 = -z. Suppose o + 3*m = -o - 17, -26 = o + z*m. What is the units digit of a(o)?
8
Let b(p) = p**3 + 5*p**2 - 8*p - 4. Let z(u) be the first derivative of -u**4/4 + 2*u**3/3 + u**2 - 3*u + 4. Let d be z(3). What is the units digit of b(d)?
8
Let x be (-1 + 10)/((-1)/(-13)). What is the tens digit of (8/(-6))/((-6)/x)?
2
Let p(i) = 5*i - 7. What is the units digit of p(9)?
8
Let c = 51 + -35. What is the tens digit of c?
1
Let g(i) = 5 + 4 - 3 - 3 + 2*i. What is the units digit of g(3)?
9
Let l(s) = s**3 - 6*s**2 - 5*s - 9. Let p be l(7). Suppose -p*a = -5*m - 60, a - m = -3*m. What is the units digit of a?
8
Suppose -4*a = -7*a. Suppose -3*i + 3*j + 0*j + 18 = 0, 3*j = a. What is the units digit of i?
6
Suppose -4*p = -3*p - 3*s, -5*s = -2*p. Suppose y + 2*y - 57 = p. What is the units digit of y?
9
Let u be 4/(-10) - 48/(-20). Let b(z) = -u*z + 3*z - 6*z - 1 + z**2. What is the units digit of b(6)?
5
Suppose 8*d = 6*d + 42. What is the tens digit of d?
2
Let f be 3/((-6)/(-32)) - -2. Let h(j) = j**3 + 7*j**2 + 9*j + 8. Let g be h(-6). Let z = g + f. What is the units digit of z?
8
What is the units digit of -2*(16/(-2) - 3)?
2
Let t be -1 - 7/(14/(-108)). Let s = 87 - t. What is the units digit of s?
4
Let g = -143 - -229. What is the units digit of g?
6
Suppose -3 = -3*f - 0*x + 4*x, -5*f + 4*x = -13. Suppose 0 = 4*t, 0 = f*i - 5*t + 3*t - 140. What is the units digit of i?
8
Let y 